e of 337?
False
Is 2578160 a multiple of 52?
True
Is 187608918 a multiple of 42?
True
Is 5936 a factor of 282058170?
False
Is 184202971 a multiple of 829?
True
Is 38643788 a multiple of 2956?
True
Does 28 divide 388290476?
True
Is 9 a factor of 5226720390?
True
Does 596 divide 7929780?
True
Is 12681443 a multiple of 5?
False
Is 26218865 a multiple of 13?
False
Is 586727738 a multiple of 600?
False
Is 9 a factor of 1097325?
True
Does 317 divide 1271540890?
True
Does 192 divide 1811551923?
False
Does 1232 divide 288045323?
False
Does 36 divide 22175511?
False
Is 3245504240 a multiple of 7216?
True
Does 13 divide 17557819?
False
Does 3 divide 82037139?
True
Is 39 a factor of 167461515?
True
Is 363 a factor of 459071675?
False
Does 3 divide 8543456?
False
Is 944899726 a multiple of 1004?
False
Is 5303370 a multiple of 15?
True
Does 345 divide 614158305?
True
Does 75 divide 371806575?
True
Is 10 a factor of 60979880?
True
Is 85004111 a multiple of 13?
False
Is 216963957 a multiple of 477?
False
Is 1020 a factor of 450197977?
False
Does 347 divide 60242670?
True
Is 4771656 a multiple of 6?
True
Is 70 a factor of 40063576?
False
Does 83 divide 399488960?
True
Is 23 a factor of 316786636?
True
Is 26 a factor of 158832528?
False
Is 3228865 a multiple of 100?
False
Is 56079058 a multiple of 21?
False
Is 6 a factor of 416808?
True
Is 23 a factor of 435735412?
False
Is 3 a factor of 1388748?
True
Is 12 a factor of 3412656?
True
Is 739059768 a multiple of 70?
False
Does 90 divide 677718512?
False
Is 2965911 a multiple of 3?
True
Is 22437452 a multiple of 621?
False
Is 7 a factor of 263164235?
False
Is 496 a factor of 29584818?
False
Is 8248729 even?
False
Does 114 divide 258674?
False
Is 7 a factor of 1978005?
False
Does 1163 divide 17049580?
True
Does 106 divide 367726097?
False
Is 1606581259 a multiple of 56?
False
Does 29 divide 371269136?
True
Does 348 divide 18599904?
True
Is 3478875052 a multiple of 63?
False
Does 1488 divide 164084736?
True
Is 6433678 a multiple of 62?
True
Is 72615510 a multiple of 30?
True
Does 675 divide 20422045?
False
Is 20590360 a multiple of 2?
True
Is 212 a factor of 35580002?
False
Is 80 a factor of 223648027?
False
Is 108 a factor of 15232731?
False
Is 44 a factor of 44350152?
True
Is 355375972 a multiple of 518?
True
Is 580981800 a multiple of 175?
True
Is 61 a factor of 63882424?
False
Is 1217 a factor of 73023651?
True
Is 11882217 a multiple of 28?
False
Is 384 a factor of 1966028441?
False
Is 1588735070 a multiple of 65?
True
Is 770699370 a multiple of 35?
True
Is 180 a factor of 60871860?
True
Does 102 divide 155644338?
False
Is 704495015 a multiple of 2429?
True
Is 13179 a factor of 5829075976?
False
Does 23 divide 494741393?
False
Is 2482 a factor of 145175794?
False
Does 50 divide 9494300?
True
Is 300225 a multiple of 3?
True
Is 27584554 a multiple of 82?
True
Is 63407715 a multiple of 178?
False
Is 1875100 a multiple of 858?
False
Does 931 divide 136782520?
True
Is 30789849 even?
False
Is 2789 a factor of 87265021?
True
Does 55 divide 125041345?
True
Is 16373436 a multiple of 349?
False
Is 7109793 a multiple of 195?
False
Is 153103446 a multiple of 15?
False
Is 632395 a multiple of 2?
False
Does 358 divide 17556269?
False
Is 38525495 a multiple of 2215?
True
Is 5497 a factor of 2130017851?
False
Is 348 a factor of 300849828?
True
Is 932956517 a multiple of 5?
False
Does 8170 divide 1882362447?
False
Does 380 divide 12025100?
True
Is 1152 a factor of 76060916?
False
Is 152488492 a multiple of 1222?
True
Does 407 divide 14941784?
True
Does 489 divide 3237596817?
False
Does 612 divide 228404520?
True
Does 3508 divide 953432304?
True
Is 8048718 a multiple of 268?
False
Does 161 divide 1709537?
False
Is 10 a factor of 29825030?
True
Is 262937935 a multiple of 13?
True
Is 12242 a factor of 2820752672?
True
Does 15 divide 213270?
True
Does 128 divide 4087655081?
False
Does 71 divide 25795699?
False
Is 10 a factor of 369366516?
False
Is 1479 a factor of 2347173?
True
Is 12196 a factor of 1028671620?
True
Is 172 a factor of 5186098?
False
Does 283 divide 141004736?
False
Does 1895 divide 118121035?
True
Is 195159519 a multiple of 245?
False
Is 11 a factor of 59528942?
True
Is 29 a factor of 48130812?
False
Is 89 a factor of 490503831?
True
Does 296 divide 477695752?
True
Is 158 a factor of 81105034?
True
Does 30 divide 3840570?
True
Is 5672748589 a multiple of 3461?
True
Is 68157598 a multiple of 6?
False
Is 8711361 a multiple of 27?
True
Is 49 a factor of 549000379?
False
Is 11850236 a multiple of 4?
True
Does 2228 divide 348864696?
True
Does 18 divide 60576822?
True
Is 47541123 a multiple of 503?
False
Does 218 divide 334322840?
False
Does 17 divide 171069130?
True
Is 38906526 a multiple of 290?
False
Does 102 divide 401305128?
True
Is 97729185 a multiple of 449?
False
Does 45 divide 35699760?
True
Is 2710 a factor of 170301820?
True
Does 1474 divide 1836338?
False
Is 92244085 a multiple of 114?
False
Is 512242602 a multiple of 304?
False
Does 10 divide 7772908?
False
Does 556 divide 5763496?
True
Is 30 a factor of 11005170?
True
Is 4738 a factor of 378135042?
True
Is 700501 a multiple of 11?
False
Is 14 a factor of 1325782304?
True
Does 82 divide 67771360?
True
Is 9 a factor of 16124130?
True
Is 14 a factor of 1861407731?
False
Does 40 divide 150005480?
True
Is 466 a factor of 832899118?
False
Is 78835560 a multiple of 5?
True
Is 12184625 a multiple of 25?
True
Is 36 a factor of 2599632?
True
Is 117045127 a multiple of 21?
False
Does 93 divide 6981006?
False
Is 3872 a factor of 123569606?
False
Is 35052024 a multiple of 8?
True
Is 109 a factor of 627913524?
False
Is 760690830 a multiple of 27?
False
Is 2563 a factor of 560002206?
False
Is 53 a factor of 88487378?
False
Does 2898 divide 627871986?
True
Does 2085 divide 6559410?
True
Is 9289447 a multiple of 1047?
False
Does 32 divide 1005121888?
True
Does 1219 divide 87010435?
False
Does 3066 divide 180190868?
False
Does 2170 divide 34654241?
False
Does 48 divide 7631040?
True
Is 347625036 a multiple of 6?
True
Is 416557892 a multiple of 20?
False
Is 133 a factor of 178665417?
True
Is 1206724547 a multiple of 616?
False
Is 957069607 a multiple of 39?
False
Does 76 divide 28250312?
False
Does 683 divide 236673160?
True
Is 6375690 a multiple of 311?
False
Is 19 a factor of 70103455?
False
Is 3534524 a multiple of 2?
True
Is 11513253 a multiple of 14?
False
Is 43 a factor of 57850848?
False
Is 435 a factor of 15045984?
False
Is 102008345 a multiple of 59?
True
Is 851649482 a multiple of 613?
True
Does 49 divide 3487330?
True
Is 9 a factor of 61002387?
True
Is 520 a factor of 37181560?
True
Does 795 divide 586990635?
True
Is 251158083 a multiple of 2739?
True
Is 112216050 a multiple of 1515?
True
Is 38701860 a multiple of 49?
False
Does 2378 divide 290261058?
True
Does 144 divide 786762576?
True
Is 832 a factor of 14615608?
False
Is 583 a factor of 447395949?
True
Is 639582907 a multiple of 107?
False
Does 26 divide 418374502?
True
Does 2703 divide 5725835?
False
Is 106289253 a multiple of 189?
True
Does 6 divide 30714492?
True
Is 238054125 a multiple of 429?
False
Is 432512748 a multiple of 2062?
True
Is 82 a factor of 32663716?
True
Is 6 a factor of 127643754?
True
Is 12 a factor of 227629266?
False
Is 8 a factor of 19692437?
False
Is 5326 a factor of 3099079659?
False
Does 115 divide 340669670?
False
Does 218 divide 1922548758?
True
Is 71587027 a multiple of 488?
False
Does 4 divide 48168972?
True
Does 76 divide 22143446?
False
Does 8 divide 21044104?
True
Is 15 a factor of 3189725?
False
Is 24 a factor of 393943389?
False
Does 113 divide 85724989?
False
Does 1318 divide 653261428?
True
Does 2970 divide 938958759?
False
Is 147363942 a multiple of 4191?
True
Is 91969476 a multiple of 3?
True
Does 28 divide 332570282?
False
Does 2 divide 75132956?
True
Is 54376787 a multiple of 3637?
True
Is 105 a factor of 15072759?
False
Does 606 divide 27163543?
False
Is 7482046 a multiple of 76?
False
Is 174 a factor of 41140018?
False
Does 8 divide 54167816?
True
Is 316629075 a multiple of 205?
False
Does 74 divide 54316435?
False
Does 14 divide 2803370646?
False
Is 145 a factor of 72495360?
True
Is 9442 a factor of 869608200?
True
Is 339642 a multiple of 3?
True
Does 28 divide 64